alculate the remainder when 146 is divided by 4.
2
What is the remainder when 1164 is divided by 15?
9
What is the remainder when 167 is divided by 150?
17
Calculate the remainder when 171 is divided by 14.
3
What is the remainder when 752 is divided by 247?
11
What is the remainder when 82 is divided by 9?
1
Calculate the remainder when 311 is divided by 98.
17
What is the remainder when 207 is divided by 3?
0
What is the remainder when 755 is divided by 33?
29
What is the remainder when 6331 is divided by 33?
28
Calculate the remainder when 142 is divided by 111.
31
What is the remainder when 83 is divided by 14?
13
What is the remainder when 2797 is divided by 23?
14
Calculate the remainder when 325 is divided by 69.
49
Calculate the remainder when 515 is divided by 12.
11
Calculate the remainder when 207 is divided by 63.
18
What is the remainder when 17931 is divided by 16?
11
Calculate the remainder when 952 is divided by 63.
7
Calculate the remainder when 3707 is divided by 53.
50
What is the remainder when 621 is divided by 16?
13
What is the remainder when 586 is divided by 556?
30
What is the remainder when 128 is divided by 22?
18
What is the remainder when 1916 is divided by 174?
2
Calculate the remainder when 393 is divided by 61.
27
What is the remainder when 543 is divided by 23?
14
Calculate the remainder when 360 is divided by 178.
4
Calculate the remainder when 141 is divided by 39.
24
Calculate the remainder when 88 is divided by 23.
19
What is the remainder when 3390 is divided by 106?
104
What is the remainder when 621 is divided by 48?
45
Calculate the remainder when 71 is divided by 8.
7
Calculate the remainder when 593 is divided by 25.
18
Calculate the remainder when 416 is divided by 80.
16
Calculate the remainder when 565 is divided by 172.
49
Calculate the remainder when 521 is divided by 89.
76
What is the remainder when 62 is divided by 7?
6
Calculate the remainder when 71 is divided by 38.
33
What is the remainder when 927 is divided by 436?
55
What is the remainder when 679 is divided by 140?
119
Calculate the remainder when 46 is divided by 19.
8
Calculate the remainder when 862 is divided by 79.
72
Calculate the remainder when 713 is divided by 6.
5
Calculate the remainder when 486 is divided by 98.
94
What is the remainder when 254 is divided by 21?
2
Calculate the remainder when 693 is divided by 78.
69
Calculate the remainder when 2686 is divided by 7.
5
What is the remainder when 36 is divided by 10?
6
Calculate the remainder when 1317 is divided by 261.
12
Calculate the remainder when 51 is divided by 3.
0
What is the remainder when 3679 is divided by 5?
4
Calculate the remainder when 758 is divided by 187.
10
What is the remainder when 394 is divided by 100?
94
What is the remainder when 93 is divided by 2?
1
What is the remainder when 3041 is divided by 21?
17
What is the remainder when 32 is divided by 10?
2
What is the remainder when 5926 is divided by 57?
55
Calculate the remainder when 298 is divided by 43.
40
Calculate the remainder when 7664 is divided by 142.
138
Calculate the remainder when 1750 is divided by 293.
285
Calculate the remainder when 239 is divided by 8.
7
Calculate the remainder when 402 is divided by 38.
22
Calculate the remainder when 1484 is divided by 55.
54
What is the remainder when 28671 is divided by 32?
31
What is the remainder when 1213 is divided by 171?
16
Calculate the remainder when 1350 is divided by 157.
94
What is the remainder when 3263 is divided by 48?
47
What is the remainder when 27317 is divided by 10?
7
What is the remainder when 5973 is divided by 61?
56
What is the remainder when 2589 is divided by 2586?
3
Calculate the remainder when 44 is divided by 40.
4
What is the remainder when 32254 is divided by 9?
7
Calculate the remainder when 4529 is divided by 44.
41
Calculate the remainder when 1533 is divided by 81.
75
Calculate the remainder when 160 is divided by 72.
16
Calculate the remainder when 219 is divided by 219.
0
Calculate the remainder when 16920 is divided by 8457.
6
Calculate the remainder when 639 is divided by 43.
37
Calculate the remainder when 975 is divided by 109.
103
What is the remainder when 99 is divided by 27?
18
Calculate the remainder when 136 is divided by 30.
16
What is the remainder when 958 is divided by 69?
61
What is the remainder when 679 is divided by 10?
9
What is the remainder when 320 is divided by 78?
8
What is the remainder when 273 is divided by 82?
27
Calculate the remainder when 63 is divided by 18.
9
Calculate the remainder when 335 is divided by 4.
3
Calculate the remainder when 3645 is divided by 146.
141
What is the remainder when 285 is divided by 18?
15
Calculate the remainder when 27795 is divided by 133.
131
What is the remainder when 139 is divided by 38?
25
Calculate the remainder when 137 is divided by 23.
22
Calculate the remainder when 91 is divided by 46.
45
What is the remainder when 464 is divided by 128?
80
What is the remainder when 1833 is divided by 367?
365
What is the remainder when 19576 is divided by 22?
18
What is the remainder when 885 is divided by 292?
9
What is the remainder when 1288 is divided by 68?
64
Calculate the remainder when 487 is divided by 26.
19
What is the remainder when 5063 is divided by 24?
23
Calculate the remainder when 898 is divided by 53.
50
What is the remainder when 2703 is divided by 169?
168
What is the remainder when 990 is divided by 32?
30
What is the remainder when 2390 is divided by 9?
5
What is the remainder when 119 is divided by 37?
8
Calculate the remainder when 7007 is divided by 58.
47
What is the remainder when 1226 is divided by 612?
2
What is the remainder when 766 is divided by 27?
10
Calculate the remainder when 25 is divided by 9.
7
Calculate the remainder when 1684 is divided by 1679.
5
What is the remainder when 1604 is divided by 22?
20
Calculate the remainder when 1403 is divided by 36.
35
Calculate the remainder when 118 is divided by 10.
8
Calculate the remainder when 480 is divided by 200.
80
What is the remainder when 224 is divided by 23?
17
What is the remainder when 47 is divided by 8?
7
What is the remainder when 934 is divided by 164?
114
What is the remainder when 325 is divided by 101?
22
Calculate the remainder when 1029 is divided by 254.
13
What is the remainder when 354 is divided by 128?
98
What is the remainder when 2042 is divided by 107?
9
Calculate the remainder when 2011 is divided by 101.
92
What is the remainder when 293 is divided by 59?
57
Calculate the remainder when 1969 is divided by 152.
145
What is the remainder when 8877 is divided by 30?
27
Calculate the remainder when 3057 is divided by 40.
17
Calculate the remainder when 131 is divided by 35.
26
What is the remainder when 401 is divided by 141?
119
What is the remainder when 291 is divided by 115?
61
Calculate the remainder when 544 is divided by 44.
16
What is the remainder when 160 is divided by 9?
7
What is the remainder when 54 is divided by 7?
5
What is the remainder when 11 is divided by 11?
0
Calculate the remainder when 997 is divided by 142.
3
What is the remainder when 46 is divided by 40?
6
What is the remainder when 349 is divided by 150?
49
Calculate the remainder when 28345 is divided by 33.
31
Calculate the remainder when 133 is divided by 43.
4
Calculate the remainder when 4029 is divided by 112.
109
Calculate the remainder when 52 is divided by 25.
2
What is the remainder when 1765 is divided by 8?
5
Calculate the remainder when 5569 is divided by 29.
1
What is the remainder when 16879 is divided by 11?
5
What is the remainder when 1196 is divided by 163?
55
What is the remainder when 1516 is divided by 503?
7
What is the remainder when 50 is divided by 44?
6
Calculate the remainder when 735 is divided by 46.
45
What is the remainder when 239 is divided by 49?
43
What is the remainder when 1022 is divided by 57?
53
What is the remainder when 6463 is divided by 14?
9
Calculate the remainder when 35 is divided by 29.
6
What is the remainder when 1751 is divided by 110?
101
Calculate the remainder when 22533 is divided by 36.
33
What is the remainder when 183 is divided by 50?
33
Calculate the remainder when 846 is divided by 4.
2
What is 